{"id":151,"date":"2020-02-01T16:40:41","date_gmt":"2020-02-01T16:40:41","guid":{"rendered":"https:\/\/www.msv-makler.com\/?page_id=151"},"modified":"2020-02-02T11:14:34","modified_gmt":"2020-02-02T11:14:34","slug":"impressum-datenschutz","status":"publish","type":"page","link":"https:\/\/www.msv-makler.com\/index.php\/impressum-datenschutz\/","title":{"rendered":"IMPRESSUM &#038; Datenschutz"},"content":{"rendered":"\t\t<div data-elementor-type=\"wp-page\" data-elementor-id=\"151\" class=\"elementor elementor-151\">\n\t\t\t\t\t\t<div class=\"elementor-inner\">\n\t\t\t\t<div class=\"elementor-section-wrap\">\n\t\t\t\t\t\t\t\t\t<section class=\"elementor-section elementor-top-section elementor-element elementor-element-19bbb45 elementor-section-boxed elementor-section-height-default elementor-section-height-default\" data-id=\"19bbb45\" data-element_type=\"section\">\n\t\t\t\t\t\t<div class=\"elementor-container elementor-column-gap-default\">\n\t\t\t\t\t\t\t<div class=\"elementor-row\">\n\t\t\t\t\t<div class=\"elementor-column elementor-col-100 elementor-top-column elementor-element elementor-element-3423c795\" data-id=\"3423c795\" data-element_type=\"column\">\n\t\t\t<div class=\"elementor-column-wrap elementor-element-populated\">\n\t\t\t\t\t\t\t<div class=\"elementor-widget-wrap\">\n\t\t\t\t\t\t<div class=\"elementor-element elementor-element-69ff71f elementor-align-center elementor-widget elementor-widget-button\" data-id=\"69ff71f\" data-element_type=\"widget\" data-widget_type=\"button.default\">\n\t\t\t\t<div class=\"elementor-widget-container\">\n\t\t\t\t\t<div class=\"elementor-button-wrapper\">\n\t\t\t<a href=\"https:\/\/www.msv-makler.com\/\" class=\"elementor-button-link elementor-button elementor-size-sm\" role=\"button\">\n\t\t\t\t\t\t<span class=\"elementor-button-content-wrapper\">\n\t\t\t\t\t\t<span class=\"elementor-button-text\">HOME<\/span>\n\t\t<\/span>\n\t\t\t\t\t<\/a>\n\t\t<\/div>\n\t\t\t\t<\/div>\n\t\t\t\t<\/div>\n\t\t\t\t<div class=\"elementor-element elementor-element-5018e5a6 elementor-widget elementor-widget-text-editor\" data-id=\"5018e5a6\" data-element_type=\"widget\" data-widget_type=\"text-editor.default\">\n\t\t\t\t<div class=\"elementor-widget-container\">\n\t\t\t\t\t\t\t\t<div class=\"elementor-text-editor elementor-clearfix\">\n\t\t\t\t<p><!-- wp:heading --><\/p>\n<h2>IMPRESSUM<\/h2>\n<p><!-- \/wp:heading --><\/p>\n<p><!-- wp:paragraph --><\/p>\n<p>Haftungsausschluss \/ Impressum\u00a0<\/p>\n<p>1. Inhalt des Onlineangebotes<\/p>\n<p>Der Autor \u00fcbernimmt keinerlei Gew\u00e4hr f\u00fcr die Aktualit\u00e4t, Korrektheit, Vollst\u00e4ndigkeit oder Qualit\u00e4t der bereitgestellten Informationen. Haftungsanspr\u00fcche gegen den Autor, welche sich auf Sch\u00e4den materieller oder ideeller Art beziehen, die durch die Nutzung oder Nichtnutzung der dargebotenen Informationen bzw. durch die Nutzung fehlerhafter und unvollst\u00e4ndiger Informationen verursacht wurden, sind grunds\u00e4tzlich ausgeschlossen, sofern seitens des Autors kein nachweislich vors\u00e4tzliches oder grob fahrl\u00e4ssiges Verschulden vorliegt. Alle Angebote sind freibleibend und unverbindlich. Der Autor beh\u00e4lt es sich ausdr\u00fccklich vor, Teile der Seiten oder das gesamte Angebot ohne gesonderte Ank\u00fcndigung zu ver\u00e4ndern, zu erg\u00e4nzen, zu l\u00f6schen oder die Ver\u00f6ffentlichung zeitweise oder endg\u00fcltig einzustellen.<\/p>\n<p>\u00a0<\/p>\n<p>2. Verweise und Links<\/p>\n<p>\u00a0<\/p>\n<p>Bei direkten oder indirekten Verweisen auf fremde Webseiten (&#8222;Hyperlinks&#8220;), die au\u00dferhalb des Verantwortungsbereiches des Autors liegen, w\u00fcrde eine Haftungsverpflichtung ausschlie\u00dflich in dem Fall in Kraft treten, in dem der Autor von den Inhalten Kenntnis hat und es ihm technisch m\u00f6glich und zumutbar w\u00e4re, die Nutzung im Falle rechtswidriger Inhalte zu verhindern. Der Autor erkl\u00e4rt hiermit ausdr\u00fccklich, dass zum Zeitpunkt der Linksetzung keine illegalen Inhalte auf den zu verlinkenden Seiten erkennbar waren. Auf die aktuelle und zuk\u00fcnftige Gestaltung, die Inhalte oder die Urheberschaft der verlinkten\/verkn\u00fcpften Seiten hat der Autor keinerlei Einfluss. Deshalb distanziert er sich hiermit ausdr\u00fccklich von allen Inhalten aller verlinkten \/verkn\u00fcpften Seiten, die nach der Linksetzung ver\u00e4ndert wurden. Diese Feststellung gilt f\u00fcr alle innerhalb des eigenen Internetangebotes gesetzten Links und Verweise sowie f\u00fcr Fremdeintr\u00e4ge in vom Autor eingerichteten G\u00e4steb\u00fcchern, Diskussionsforen, Linkverzeichnissen, Mailinglisten und in allen anderen Formen von Datenbanken, auf deren Inhalt externe Schreibzugriffe m\u00f6glich sind. F\u00fcr illegale, fehlerhafte oder unvollst\u00e4ndige Inhalte und insbesondere f\u00fcr Sch\u00e4den, die aus der Nutzung oder Nichtnutzung solcherart dargebotener Informationen entstehen, haftet allein der Anbieter der Seite, auf welche verwiesen wurde, nicht derjenige, der \u00fcber Links auf die jeweilige Ver\u00f6ffentlichung lediglich verweist.<\/p>\n<p>\u00a0<\/p>\n<p>3. Datenschutzerkl\u00e4rung<\/p>\n<p>\u00a0<\/p>\n<p>Aufsichtsbeh\u00f6rde<br \/>Bundesanstalt f\u00fcr Finanzdienstleistungsaufsicht<br \/>Graurheindorfer Str. 108<br \/>53117 Bonn<\/p>\n<p>Telefon: (02 28) 41 08-0<br \/>Internet:\u00a0<a href=\"http:\/\/www.bafin.de\/\" target=\"_blank\" rel=\"nofollow noopener noreferrer\" data-content=\"http:\/\/www.bafin.de\/\" data-type=\"external\">www.bafin.de<\/a><\/p>\n<p>\u00a0<\/p>\n<p>2. Verantwortlich<\/p>\n<p>M.S. Versicherungsmakler\u00a0<\/p>\n<p>\u00a0<\/p>\n<p>M.S. Versicherungsmakler, Michael Schwarz<br \/>Steiningergasse 2<br \/>94032 Passau<\/p>\n<p>Tel. +49 (0) 851 \/ 9 66 48 &#8211; 0<br \/>Fax +49 (0) 851 \/ 9 66 48- 10<br \/><a href=\"mailto:%20info@msv-makler.com\" target=\"_self\" data-content=\"%20info@msv-makler.com\" data-type=\"mail\">info@msv-makler.com<\/a><br \/><a href=\"http:\/\/www.msv-makler.com\/\" target=\"_blank\" rel=\"nofollow noopener noreferrer\" data-content=\"http:\/\/www.msv-makler.com\/\" data-type=\"external\">www.msv-makler.com<\/a><\/p>\n<p>Vertretungsberechtigte<br \/>Handelsregister und -nr.<br \/>Umsatzsteuer-Nr.Gesch\u00e4ftsf\u00fchrer: Michael Schwarz<br \/>D-AMF9-G3W2X-41<br \/>153\/272\/40991\u00a0\u00a0<\/p>\n<p>\u00a0<\/p>\n<p>Aufsichtsbeh\u00f6rde<\/p>\n<p>Industrie- und Handelskammer f\u00fcr Niederbayern in Passau<\/p>\n<p>\u00a0<\/p>\n<p>Nibelungenstr. 15<br \/>94032 Passau<br \/>Tel. +49 851 507-0<br \/>Fax +49 851 507-280<br \/>E-mail:\u00a0<a href=\"mailto:%20IHK@passau.ihk.de\" target=\"_self\" data-content=\"%20IHK@passau.ihk.de\" data-type=\"mail\">IHK@passau.ihk.de<\/a><\/p>\n<p>Versicherungsvermittler gem. \u00a7 34 d Abs. 1 der Gewerbeordnung<\/p>\n<p>Status: Versicherungsmakler<\/p>\n<p>Gemeinsame Registerstelle nach \u00a7 11 a Abs. 1 GewO:<br \/>Deutscher Industrie- und Handelskammertag (DIHK) e.V.<br \/>10178 Berlin, Breite Stra\u00dfe 29<br \/>Telefon: (0180) 500 585-0*<br \/>Registerabruf:\u00a0<a href=\"http:\/\/www.vermittlerregister.info\/\" target=\"_blank\" rel=\"nofollow noopener noreferrer\" data-content=\"http:\/\/www.vermittlerregister.info\/\" data-type=\"external\">www.vermittlerregister.info<\/a><br \/>Registernummer: D-AMF9-G3W2X-41<\/p>\n<p>Bei Fragen oder Beschwerden wenden Sie sich bitte an:<br \/>Schlichtungsstellen gem. \u00a7 42 k VVG<br \/>Versicherungsombudsmann e. V.<br \/>Postfach 08 06 32, 10006 Berlin<br \/>Ombudsmann Private Kranken- und Pflegeversicherung<br \/>Kronenstr. 13, 10117 Berlin<\/p>\n<p>Beteiligungen: keine<\/p>\n<p>*T-Com, 14ct\/Min. aus dem dt. Festnetz, mit abweichenden Preisen aus<br \/>Mobilfunknetzen<\/p>\n<p>\u00a0<\/p>\n<p>3. Planung, Konzeption, Realisierung<\/p>\n<p>WEIHERER MEDIA<br \/>Memelstra\u00dfe 20<\/p>\n<p>94036 Passau<\/p>\n<p>Email:\u00a0<a href=\"mailto:info@screenpark.net\" target=\"_self\" data-content=\"info@screenpark.net\" data-type=\"mail\">cedric.weiherer@gmail.com<\/a><br \/>Internet:\u00a0<a style=\"font-size: 1.8rem; letter-spacing: -0.015em;\" href=\"https:\/\/www.weiherer.org\/\">https:\/\/www.weiherer.org\/<\/a><\/p>\n<p>\u00a0<\/p>\n<p><!-- \/wp:paragraph --><\/p>\n<p><!-- wp:paragraph --><\/p>\n<h2>DATENSCHUTZERKL\u00c4RUNG<\/h2>\n<p><!-- \/wp:paragraph --><\/p>\n<p><!-- wp:paragraph --><\/p>\n<p>1.1\u00a0Im Folgenden informieren wir \u00fcber die Erhebung personenbezogener Daten bei Ihnen als betroffene Person im Rahmen der Nutzung unserer Website. Personenbezogene Daten sind dabei alle Informationen, die sich auf eine identifizierte oder identifizierbare nat\u00fcrliche Person beziehen, wie etwa Name, Anschrift, Telefonnummer, E-Mail Adresse, Beruf, Bankverbindung etc. Unter der Verarbeitung von Daten versteht man insbesondere deren Erhebung, Speicherung, Verwendung und \u00dcbermittlung.<\/p>\n<p>1.2\u00a0Verantwortlicher gem. Art. 4 Abs. 7 EU-Datenschutz-Grundverordnung (DSGVO) ist<br \/>Schwarz Michael<br \/>Steiningergasse 2<br \/>94032 Passau<br \/>Tel +49 (0) 851 \/ 9 66 48 &#8211; 0<br \/>Fax +49 (0) 851 \/ 9 66 48 &#8211; 10<br \/><object width=\"300\" height=\"0\" data-mce-fragment=\"1\"><a data-auto-recognition=\"true\" data-content=\"m.schwarz@msv-makler.com\" href=\"mailto:m.schwarz@msv-makler.com\" data-type=\"mail\">m.schwarz@msv-makler.com<\/a><\/object><\/p>\n<p>2.\u00a0Erhebung personenbezogener Daten bei Besuch unserer Website<\/p>\n<p>2.1\u00a0Allgemein<br \/>Bei der blo\u00df informatorischen Nutzung unserer Website, also wenn Sie sich nicht registrieren oder uns anderweitig Informationen \u00fcbermitteln, erheben wir nur die personenbezogenen Daten, die Ihr Browser an unseren Server \u00fcbermittelt. Wenn Sie unsere Website betrachten m\u00f6chten, erheben wir daher die folgenden Daten, die f\u00fcr uns technisch erforderlich sind, um Ihnen unsere Website anzuzeigen, die Auslieferung der Website an Ihren Rechner zu erm\u00f6glichen und die Stabilit\u00e4t und Sicherheit zu gew\u00e4hrleisten:<br \/>&#8211; IP-Adresse<br \/>&#8211; Datum und Uhrzeit der Anfrage<br \/>&#8211; Zeitzonendifferenz zur Greenwich Mean Time (GMT)<br \/>&#8211; Inhalt der Anforderung (konkrete Seite)<br \/>&#8211; Zugriffsstatus\/HTTP-Statuscode<br \/>&#8211; jeweils \u00fcbertragene Datenmenge<br \/>&#8211; Website, von der die Anforderung kommt<br \/>&#8211; Browser<br \/>&#8211; Betriebssystem und dessen Oberfl\u00e4che<br \/>&#8211; Sprache und Version der Browsersoftware.<br \/>Die Rechtsgrundlage der diesbez\u00fcglichen Verarbeitung ist Art. 6 Abs. 1 S. 1 lit. f DSGVO.<br \/>Die Daten werden gel\u00f6scht, sobald sie f\u00fcr die Erreichung des Zweckes ihrer Erhebung nicht mehr erforderlich sind. Im Falle der Erfassung der Daten zur Bereitstellung der Website ist dies der Fall, wenn die jeweilige Sitzung beendet ist.<br \/>Die Erfassung dieser Daten zur Bereitstellung der Website und die Speicherung der Daten in Logfiles ist f\u00fcr den Betrieb der Internetseite zwingend erforderlich. Es besteht folglich seitens des Nutzers keine Widerspruchsm\u00f6glichkeit.<\/p>\n<p>2.2\u00a0Cookies<br \/>Zus\u00e4tzlich zu den zuvor genannten Daten werden bei Ihrer Nutzung unserer Website Cookies auf Ihrem Rechner gespeichert. Bei Cookies handelt es sich um kleine Textdateien, die auf Ihrer Festplatte dem von Ihnen verwendeten Browser zugeordnet gespeichert werden und durch welche der Stelle, die den Cookie setzt (hier durch uns), bestimmte Informationen zuflie\u00dfen. Cookies k\u00f6nnen keine Programme ausf\u00fchren oder Viren auf Ihren Computer \u00fcbertragen. Sie dienen dem Zweck, das Internetangebot insgesamt nutzerfreundlicher und effektiver zu machen.<br \/>Die Rechtsgrundlage f\u00fcr die Verarbeitung personenbezogener Daten unter Verwendung von Cookies ist Art. 6 Abs. 1 lit. f DSGVO.<\/p>\n<p>2.3\u00a0Einsatz von Cookies:<br \/>2.3.1\u00a0Diese Website nutzt folgende Arten von Cookies, deren Umfang und Funktionsweise im Folgenden erl\u00e4utert werden:<br \/>\u2013 Transiente Cookies (dazu 3.3.2)<br \/>\u2013 Persistente Cookies (dazu 3.3.3).<\/p>\n<p>2.3.2\u00a0Transiente Cookies werden automatisiert gel\u00f6scht, wenn Sie den Browser schlie\u00dfen. Dazu z\u00e4hlen insbesondere die Session-Cookies. Diese speichern eine sogenannte Session-ID, mit welcher sich verschiedene Anfragen Ihres Browsers der gemeinsamen Sitzung zuordnen lassen. Dadurch kann Ihr Rechner wiedererkannt werden, wenn Sie auf unsere Website zur\u00fcckkehren. Die Session-Cookies werden gel\u00f6scht, wenn Sie sich ausloggen oder den Browser schlie\u00dfen.<\/p>\n<p>2.3.3\u00a0Persistente Cookies werden automatisiert nach einer vorgegebenen Dauer gel\u00f6scht, die sich je nach Cookie unterscheiden kann. Sie k\u00f6nnen die Cookies in den Sicherheitseinstellungen Ihres Browsers jederzeit l\u00f6schen.<\/p>\n<p>2.3.4\u00a0Sie k\u00f6nnen Ihre Browser-Einstellung entsprechend Ihren W\u00fcnschen konfigurieren und z. B. die Annahme von Third-Party-Cookies oder allen Cookies ablehnen. Wir weisen Sie jedoch darauf hin, dass Sie in diesem Fall eventuell nicht alle Funktionen dieser Website nutzen k\u00f6nnen.<\/p>\n<p>2.3.5\u00a0Widerspruchs- und Beseitigungsm\u00f6glichkeit f\u00fcr alle Dienste, die Cookies nutzen<\/p>\n<p>2.3.6\u00a0Cookies werden auf dem Rechner des Nutzers gespeichert und von diesem an unsere Seite \u00fcbermittelt. Daher haben Sie auch die volle Kontrolle \u00fcber die Verwendung von Cookies. Sie k\u00f6nnen durch eine \u00c4nderung der Einstellungen in Ihrem Internetbrowser die \u00dcbertragung von Cookies deaktivieren oder einschr\u00e4nken. Bereits gespeicherte Cookies k\u00f6nnen Sie jederzeit l\u00f6schen. Dies kann auch automatisiert erfolgen. Wenn Sie Cookies f\u00fcr unsere Website deaktivieren, k\u00f6nnen Sie m\u00f6glicherweise nicht mehr alle Funktionen unserer Website vollumf\u00e4nglich nutzen.<\/p>\n<p>2.3.7\u00a0Wir bieten Ihnen auf unserer Website die M\u00f6glichkeit eines sogenannten Opt-Out aus den Analyseverfahren. Hierzu m\u00fcssen Sie dem entsprechenden Link folgen. Auf diese Weise wird ein weiterer Cookie auf ihrem System gesetzt, der unserem System signalisiert die Daten des Nutzers nicht zu speichern. L\u00f6schen Sie den entsprechenden Cookie zwischenzeitlich von Ihrem System, so m\u00fcssen Sie den Opt-Out-Cookie erneut setzen.<\/p>\n<p>3.\u00a0Ihre Rechte als betroffene Person<\/p>\n<p>3.1\u00a0Sie haben uns gegen\u00fcber die folgenden Rechte hinsichtlich der Sie betreffenden personenbezogenen Daten:<\/p>\n<p>3.1.1\u00a0Auskunft, Art. 13 Abs. 2 lit. b), Art. 15 DSGVO<br \/>Sie haben das Recht, von uns Auskunft \u00fcber die bei uns \u00fcber Sie gespeicherten personenbezogenen Daten zu verlangen. Diese Auskunft erteilen wir Ihnen nach Ihrer Anfrage gerne. Weiterhin teilen wir Ihnen auf Anfrage gerne mit, an welche dritten Stellen Ihre personenbezogenen Daten \u00fcbermittelt wurden.<\/p>\n<p>3.1.2\u00a0Berichtigung, Art. 13 Abs. 2 lit. b), Art. 16 DSGVO<br \/>Sie haben das Recht, von uns zu verlangen Ihre personenbezogenen Daten zu berichtigen oder zu vervollst\u00e4ndigen. Geben Sie uns keinen entsprechenden Hinweis, so erfolgt dies jedenfalls unverz\u00fcglich dann, wenn uns bekannt wird, dass die bei uns gespeicherten Daten fehlerhaft oder unvollst\u00e4ndig sind.<\/p>\n<p>3.1.3\u00a0L\u00f6schung, Art. 13 Abs. 2 lit. b), Art. 17 DSGVO<br \/>Sie haben das Recht, von uns L\u00f6schung der bei uns gespeicherten personenbezogenen Daten zu verlangen. Die M\u00f6glichkeit einer tats\u00e4chlichen L\u00f6schung richtet sich dabei danach, ob die Erf\u00fcllung einer rechtlichen Verpflichtung durch uns, wie etwa die Einhaltung gesetzlicher Aufbewahrungspflichten sowie die Geltendmachung, Aus\u00fcbung und Verteidigung von Rechtsanspr\u00fcchen dies m\u00f6glich macht.<br \/>Grunds\u00e4tzlich gilt f\u00fcr die L\u00f6schung Ihrer Daten, dass dies durch uns dann erfolgt, wenn die Daten f\u00fcr den jeweiligen Zweck nicht mehr erforderlich sind.<\/p>\n<p>3.1.4\u00a0Einschr\u00e4nkung der Verarbeitung, Art. 13 Abs. 2 lit. b), Art. 18 DSGVO<br \/>Sie haben das Recht, von uns die Einschr\u00e4nkung der Verarbeitung zu verlangen. Dies ist insbesondere dann relevant, wenn einer L\u00f6schung Gr\u00fcnde entgegenstehen. Ihre personenbezogenen Daten werden ab diesem Zeitpunkt nur noch mit Ihrer Einwilligung verarbeitet.<\/p>\n<p>3.1.5\u00a0Recht auf Daten\u00fcbertragbarkeit, Art. 13 Abs. 2 lit. b), Art. 20 DSGVO<br \/>Sie haben das Recht, von uns eine \u00dcbertragung Ihrer personenbezogenen Daten an sich selbst oder Dritte in einem strukturierten, g\u00e4ngigen und maschinenlesbaren Format zu verlangen.<\/p>\n<p>3.1.6\u00a0Widerruf der Einwilligung, Art. 13 Abs. 2 lit. c) DSGVO<br \/>Soweit Sie eine Einwilligung zur Datenverarbeitung erteilt haben, haben Sie das Recht die uns gegen\u00fcber erteilte Einwilligung jederzeit zu widerrufen. Dies ber\u00fchrt jedoch nicht die Rechtm\u00e4\u00dfigkeit der aufgrund der Einwilligung bis zum Widerruf erfolgten Verarbeitung.<\/p>\n<p>3.2\u00a0Sie haben zudem das Recht, sich bei einer Datenschutz-Aufsichtsbeh\u00f6rde \u00fcber die Verarbeitung Ihrer personenbezogenen Daten durch uns zu beschweren.<\/p>\n<p>4.\u00a0Widerspruch gegen die Verarbeitung Ihrer Daten<\/p>\n<p>4.1\u00a0Soweit wir die Verarbeitung Ihrer personenbezogenen Daten auf die Interessenabw\u00e4gung st\u00fctzen, k\u00f6nnen Sie Widerspruch gegen die Verarbeitung einlegen. Dies ist der Fall, wenn die Verarbeitung insbesondere nicht zur Erf\u00fcllung eines Vertrags mit Ihnen erforderlich ist, was von uns jeweils bei der Beschreibung der Funktionen dargestellt wurde. Bei Aus\u00fcbung eines solchen Widerspruchs bitten wir um Darlegung der Gr\u00fcnde, weshalb wir Ihre personenbezogenen Daten nicht wie von uns durchgef\u00fchrt verarbeiten sollten. Im Falle Ihres begr\u00fcndeten Widerspruchs pr\u00fcfen wir die Sachlage und werden entweder die Datenverarbeitung einstellen bzw. anpassen oder Ihnen unsere zwingenden schutzw\u00fcrdigen Gr\u00fcnde aufzeigen, aufgrund derer wir die Verarbeitung fortf\u00fchren.<\/p>\n<p>4.2\u00a0Selbstverst\u00e4ndlich k\u00f6nnen Sie der Verarbeitung Ihrer personenbezogenen Daten f\u00fcr Zwecke der Werbung und Datenanalyse jederzeit widersprechen. \u00dcber Ihren Werbewiderspruch k\u00f6nnen Sie uns unter folgenden Kontaktdaten informieren:<br \/>info@msv-makler.com.<\/p>\n<p>5.\u00a0Datensicherheit<br \/>Wir verwenden innerhalb des Website-Besuchs das verbreitete SSL-Verfahren (Secure Socket Layer) in Verbindung mit der jeweils h\u00f6chsten Verschl\u00fcsselungsstufe, die von Ihrem Browser unterst\u00fctzt wird. In der Regel handelt es sich dabei um eine 256 Bit Verschl\u00fcsselung. Falls Ihr Browser keine 256-Bit Verschl\u00fcsselung unterst\u00fctzt, greifen wir stattdessen auf 128-Bit v3 Technologie zur\u00fcck. Ob eine einzelne Seite unseres Internetauftrittes verschl\u00fcsselt \u00fcbertragen wird, erkennen Sie an der geschlossenen Darstellung des Sch\u00fcssel- beziehungsweise Schloss-Symbols in der unteren Statusleiste Ihres Browsers.<\/p>\n<p>6.\u00a0Aktualit\u00e4t und \u00c4nderung dieser Datenschutzerkl\u00e4rung<\/p>\n<p>6.1\u00a0Diese Datenschutzerkl\u00e4rung ist aktuell g\u00fcltig und hat den Stand Mai 2019.<\/p>\n<p>6.2\u00a0Durch die Weiterentwicklung unserer Website und Angebote dar\u00fcber oder aufgrund ge\u00e4nderter gesetzlicher beziehungsweise beh\u00f6rdlicher Vorgaben kann es notwendig werden, diese Datenschutzerkl\u00e4rung zu \u00e4ndern. Die jeweils aktuelle Datenschutzerkl\u00e4rung kann jederzeit hier auf unserer Website unter Datenschutz von Ihnen abgerufen und ausgedruckt werden.<a style=\"font-size: 1.8rem; letter-spacing: -0.015em;\" href=\"https:\/\/www.weiherer.org\/\">https:\/\/www.weiherer.org\/<\/a><\/p>\n<p><!-- \/wp:paragraph --><\/p>\t\t\t\t\t<\/div>\n\t\t\t\t\t\t<\/div>\n\t\t\t\t<\/div>\n\t\t\t\t<div class=\"elementor-element elementor-element-05b4849 elementor-align-center elementor-widget elementor-widget-button\" data-id=\"05b4849\" data-element_type=\"widget\" data-widget_type=\"button.default\">\n\t\t\t\t<div class=\"elementor-widget-container\">\n\t\t\t\t\t<div class=\"elementor-button-wrapper\">\n\t\t\t<a href=\"https:\/\/www.msv-makler.com\/\" class=\"elementor-button-link elementor-button elementor-size-sm\" role=\"button\">\n\t\t\t\t\t\t<span class=\"elementor-button-content-wrapper\">\n\t\t\t\t\t\t<span class=\"elementor-button-text\">HOME<\/span>\n\t\t<\/span>\n\t\t\t\t\t<\/a>\n\t\t<\/div>\n\t\t\t\t<\/div>\n\t\t\t\t<\/div>\n\t\t\t\t\t\t<\/div>\n\t\t\t\t\t<\/div>\n\t\t<\/div>\n\t\t\t\t\t\t\t\t<\/div>\n\t\t\t\t\t<\/div>\n\t\t<\/section>\n\t\t\t\t\t\t\t\t\t<\/div>\n\t\t\t<\/div>\n\t\t\t\t\t<\/div>\n\t\t","protected":false},"excerpt":{"rendered":"<p>HOME IMPRESSUM Haftungsausschluss \/ Impressum\u00a0 1. Inhalt des Onlineangebotes Der Autor \u00fcbernimmt keinerlei Gew\u00e4hr f\u00fcr die Aktualit\u00e4t, Korrektheit, Vollst\u00e4ndigkeit oder Qualit\u00e4t der bereitgestellten Informationen. Haftungsanspr\u00fcche gegen den Autor, welche sich auf Sch\u00e4den materieller oder ideeller Art beziehen, die durch die Nutzung oder Nichtnutzung der dargebotenen Informationen bzw. durch die Nutzung fehlerhafter und unvollst\u00e4ndiger Informationen verursacht&hellip;&nbsp;<a href=\"https:\/\/www.msv-makler.com\/index.php\/impressum-datenschutz\/\" class=\"\" rel=\"bookmark\">Weiterlesen &raquo;<span class=\"screen-reader-text\">IMPRESSUM &#038; Datenschutz<\/span><\/a><\/p>\n","protected":false},"author":1,"featured_media":0,"parent":0,"menu_order":0,"comment_status":"closed","ping_status":"closed","template":"elementor_canvas","meta":{"neve_meta_sidebar":"","neve_meta_container":"","neve_meta_enable_content_width":"","neve_meta_content_width":0,"neve_meta_title_alignment":"","neve_meta_author_avatar":"","neve_post_elements_order":"","neve_meta_disable_header":"","neve_meta_disable_footer":"","neve_meta_disable_title":"","_themeisle_gutenberg_block_has_review":false,"_ti_tpc_template_sync":false,"_ti_tpc_template_id":""},"_links":{"self":[{"href":"https:\/\/www.msv-makler.com\/index.php\/wp-json\/wp\/v2\/pages\/151"}],"collection":[{"href":"https:\/\/www.msv-makler.com\/index.php\/wp-json\/wp\/v2\/pages"}],"about":[{"href":"https:\/\/www.msv-makler.com\/index.php\/wp-json\/wp\/v2\/types\/page"}],"author":[{"embeddable":true,"href":"https:\/\/www.msv-makler.com\/index.php\/wp-json\/wp\/v2\/users\/1"}],"replies":[{"embeddable":true,"href":"https:\/\/www.msv-makler.com\/index.php\/wp-json\/wp\/v2\/comments?post=151"}],"version-history":[{"count":8,"href":"https:\/\/www.msv-makler.com\/index.php\/wp-json\/wp\/v2\/pages\/151\/revisions"}],"predecessor-version":[{"id":372,"href":"https:\/\/www.msv-makler.com\/index.php\/wp-json\/wp\/v2\/pages\/151\/revisions\/372"}],"wp:attachment":[{"href":"https:\/\/www.msv-makler.com\/index.php\/wp-json\/wp\/v2\/media?parent=151"}],"curies":[{"name":"wp","href":"https:\/\/api.w.org\/{rel}","templated":true}]}}